r of 7 and 1967?
7
What is the highest common divisor of 62899 and 31?
31
Calculate the highest common factor of 750 and 100.
50
What is the greatest common factor of 605 and 55?
55
Calculate the greatest common factor of 3374 and 56.
14
What is the greatest common factor of 5029 and 107?
107
What is the highest common divisor of 884 and 2873?
221
What is the greatest common divisor of 1183 and 182?
91
What is the greatest common factor of 357 and 84?
21
Calculate the greatest common divisor of 27 and 297.
27
Calculate the greatest common factor of 198 and 1.
1
What is the highest common factor of 3 and 37?
1
What is the highest common divisor of 90 and 162?
18
Calculate the greatest common factor of 51 and 272.
17
What is the greatest common factor of 936 and 72?
72
What is the highest common factor of 33 and 44?
11
What is the highest common divisor of 2125 and 625?
125
Calculate the greatest common divisor of 24 and 4332.
12
Calculate the greatest common factor of 195 and 91.
13
What is the highest common divisor of 6 and 51?
3
Calculate the greatest common divisor of 14504 and 148.
148
Calculate the highest common divisor of 68 and 459.
17
Calculate the greatest common divisor of 30 and 220.
10
What is the greatest common divisor of 90 and 3720?
30
Calculate the highest common factor of 4 and 13.
1
Calculate the greatest common factor of 37 and 38813.
37
What is the highest common divisor of 385 and 308?
77
What is the highest common divisor of 3232 and 192?
32
Calculate the greatest common divisor of 63 and 72.
9
What is the highest common factor of 270 and 14715?
135
What is the greatest common divisor of 299 and 39?
13
What is the greatest common divisor of 349 and 11168?
349
What is the highest common factor of 5 and 115?
5
Calculate the highest common divisor of 2 and 74.
2
Calculate the greatest common factor of 1437 and 33.
3
Calculate the highest common factor of 496 and 558.
62
What is the greatest common factor of 176 and 3?
1
What is the greatest common factor of 15 and 65?
5
What is the highest common divisor of 55 and 20?
5
What is the greatest common factor of 40 and 1960?
40
What is the greatest common factor of 1488 and 192?
48
What is the greatest common factor of 6 and 111?
3
Calculate the greatest common divisor of 210 and 84.
42
Calculate the greatest common factor of 1088 and 17.
17
What is the greatest common divisor of 12707 and 97?
97
What is the greatest common divisor of 75 and 5700?
75
Calculate the greatest common factor of 2523 and 435.
87
Calculate the greatest common divisor of 10586 and 268.
134
Calculate the highest common divisor of 4 and 2866.
2
What is the greatest common divisor of 901 and 53?
53
Calculate the highest common factor of 312 and 104.
104
What is the greatest common factor of 28 and 868?
28
What is the greatest common divisor of 18 and 12357?
9
What is the highest common factor of 9890 and 230?
230
Calculate the greatest common divisor of 637 and 784.
49
Calculate the greatest common factor of 23 and 6371.
23
What is the greatest common divisor of 6416 and 16?
16
Calculate the highest common factor of 21 and 57.
3
Calculate the greatest common factor of 560 and 6895.
35
Calculate the greatest common factor of 6 and 123.
3
What is the greatest common divisor of 781 and 284?
71
What is the highest common factor of 512 and 4?
4
What is the highest common divisor of 140 and 532?
28
Calculate the highest common factor of 319 and 87.
29
Calculate the greatest common factor of 20 and 115.
5
Calculate the highest common factor of 308 and 238.
14
What is the greatest common divisor of 90 and 87?
3
What is the greatest common factor of 2018 and 2?
2
Calculate the greatest common divisor of 43 and 344.
43
Calculate the highest common factor of 3906 and 378.
126
Calculate the greatest common divisor of 1837 and 11.
11
What is the greatest common factor of 8 and 26?
2
Calculate the highest common divisor of 2200 and 150.
50
What is the greatest common divisor of 1980 and 4860?
180
What is the highest common factor of 3385 and 10?
5
What is the highest common factor of 2128 and 228?
76
What is the greatest common divisor of 800 and 3925?
25
What is the greatest common divisor of 171 and 3097?
19
Calculate the highest common factor of 6784 and 53.
53
What is the greatest common divisor of 117 and 65?
13
What is the greatest common factor of 9 and 63090?
9
What is the greatest common divisor of 450 and 2125?
25
What is the highest common divisor of 707 and 14?
7
What is the highest common factor of 177 and 6?
3
What is the highest common factor of 581 and 462?
7
Calculate the greatest common factor of 1379 and 63.
7
Calculate the greatest common factor of 1550 and 62.
62
Calculate the greatest common factor of 1495 and 46.
23
Calculate the highest common factor of 1 and 935.
1
Calculate the highest common factor of 245 and 637.
49
Calculate the greatest common factor of 129 and 817.
43
Calculate the greatest common factor of 10 and 170.
10
Calculate the highest common factor of 3647 and 49.
7
What is the greatest common divisor of 30 and 2595?
15
Calculate the highest common divisor of 15 and 19545.
15
What is the greatest common factor of 169 and 26?
13
Calculate the greatest common divisor of 14013 and 81.
81
What is the highest common factor of 35 and 287?
7
What is the greatest common divisor of 3596 and 464?
116
Calculate the highest common divisor of 406 and 42.
14
Calculate the greatest common divisor of 57 and 4161.
57
What is the greatest common factor of 174 and 6?
6
Calculate the highest common factor of 75 and 60.
15
Calculate the highest common factor of 45 and 25.
5
Calculate the highest common divisor of 309 and 721.
103
Calculate the highest common divisor of 52 and 884.
52
What is the greatest common divisor of 1150 and 46?
46
What is the highest common factor of 98 and 1421?
49
Calculate the highest common factor of 8 and 3736.
8
Calculate the highest common factor of 13 and 7072.
13
Calculate the highest common factor of 1692 and 72.
36
What is the greatest common divisor of 18 and 78?
6
What is the greatest common divisor of 268 and 10586?
134
Calculate the highest common divisor of 134 and 7.
1
Calculate the highest common factor of 9 and 1152.
9
Calculate the greatest common divisor of 19 and 11761.
19
Calculate the highest common factor of 21201 and 191.
191
Calculate the greatest common divisor of 925 and 1628.
37
What is the greatest common divisor of 184 and 322?
46
What is the highest common divisor of 18 and 369?
9
What is the greatest common divisor of 20 and 116?
4
What is the greatest common divisor of 168 and 744?
24
Calculate the greatest common factor of 2114 and 98.
14
What is the highest common divisor of 58 and 551?
29
What is the highest common factor of 2025 and 25?
25
What is the highest common divisor of 20 and 300?
20
What is the greatest common divisor of 35 and 1687?
7
Calculate the highest common factor of 296 and 11026.
74
Calculate the highest common divisor of 286 and 88.
22
What is the greatest common divisor of 3025 and 25?
25
Calculate the greatest common factor of 214 and 50.
2
Calculate the highest common factor of 7430 and 10.
10
What is the greatest common divisor of 50 and 170?
10
What is the greatest common divisor of 11 and 473?
11
What is the greatest common factor of 4 and 644?
4
Calculate the greatest common divisor of 13 and 975.
13
What is the greatest common divisor of 140 and 56?
28
What is the highest common factor of 333 and 703?
37
What is the highest common factor of 7 and 2401?
7
Calculate the highest common factor of 4628 and 572.
52
Calculate the greatest common factor of 72 and 108.
36
What is the greatest common divisor of 52 and 182?
26
What is the highest common factor of 1035 and 2553?
69
Calculate the greatest common divisor of 25 and 1595.
5
Calculate the highest common divisor of 3 and 179.
1
Calculate the greatest common factor of 326 and 2.
2
What is the highest common divisor of 768 and 12?
12
What is the highest common divisor of 113 and 1?
1
What is the greatest common divisor of 55 and 2155?
5
What is the greatest common factor of 17829 and 63?
63
Calculate the greatest common factor of 16 and 144.
16
What is the hig